{"id":2,"date":"2021-09-05T16:09:20","date_gmt":"2021-09-05T16:09:20","guid":{"rendered":"https:\/\/ifpdonbosco.edu.ar\/?page_id=2"},"modified":"2023-03-03T22:27:23","modified_gmt":"2023-03-03T22:27:23","slug":"sample-page","status":"publish","type":"page","link":"https:\/\/ifpdonbosco.edu.ar\/","title":{"rendered":"Instituto de Formaci\u00f3n Profesional Don Bosco &#8220;IFP&#8221;"},"content":{"rendered":"\n<p>El Instituto de Formaci\u00f3n Profesional Don Bosco brinda diversas capacitaciones fomentando la inserci\u00f3n laboral de personas sin empleo estable, con formaci\u00f3n acad\u00e9mica incompleta o b\u00fasqueda del primer empleo. <\/p>\n\n\n\n<p>Pone al servicio de la comunidad en general, los conocimientos en el \u00e1rea de la enolog\u00eda y la vitivinicultura, pero tambi\u00e9n en las actividades que demanda el mercado laboral. <\/p>\n\n\n\n<blockquote class=\"wp-block-quote is-layout-flow wp-block-quote-is-layout-flow\"><p>Algunos de los cursos que ofrece son mec\u00e1nica del autom\u00f3vil, instalaciones el\u00e9ctricas domiciliarias, soldadura el\u00e9ctrica, poda, cata de vinos, auxiliar de laboratorio, elaboraci\u00f3n de conservas frutihort\u00edcolas, vinos y aceite de oliva.<\/p><\/blockquote>\n\n\n\n<p>Si usted necesita organizar alg\u00fan tipo de curso p\u00f3ngase en comunicaci\u00f3n con nosotros. <a href=\"https:\/\/ifpdonbosco.edu.ar\/index.php\/contacto\/\" data-type=\"page\" data-id=\"42\">Contacto<\/a><\/p>\n\n\n\n<div class=\"wp-block-nextend-smartslider3\"><\/div>\n\n\n\n<div class=\"wp-block-media-text alignwide is-stacked-on-mobile\"><figure class=\"wp-block-media-text__media\"><\/figure><div class=\"wp-block-media-text__content\">\n<p class=\"has-large-font-size\"><a href=\"http:\/\/www.instagram.com\/ifpdonbosco\" data-type=\"URL\" data-id=\"http:\/\/www.instagram.com\/ifpdonbosco\" target=\"_blank\" rel=\"noreferrer noopener\">Instagram<\/a>:ifpdonbosco<\/p>\n<\/div><\/div>\n\n\n\n<div class=\"wp-block-media-text alignwide is-stacked-on-mobile\"><figure class=\"wp-block-media-text__media\"><\/figure><div class=\"wp-block-media-text__content\">\n<p class=\"has-normal-font-size\"><strong><a href=\"http:\/\/www.facebook.com\/ifpdonbosco\" data-type=\"URL\" data-id=\"www.facebook.com\/ifpdonbosco\">Facebook:<\/a> <a href=\"http:\/\/www.facebook.com\/ifpdonbosco\">www.facebook.com\/ifpdonbosco<\/a><\/strong><\/p>\n<\/div><\/div>\n\n\n\n<div class=\"wp-block-media-text alignwide is-stacked-on-mobile\"><figure class=\"wp-block-media-text__media\"><\/figure><div class=\"wp-block-media-text__content\">\n<p><a href=\"https:\/\/ifpdonbosco.blogspot.com\/\"><strong>https:\/\/ifpdonbosco.blogspot.com\/<\/strong><\/a><\/p>\n<\/div><\/div>\n\n\n\n<div class=\"wp-block-media-text alignwide is-stacked-on-mobile\"><figure class=\"wp-block-media-text__media\"><\/figure><div class=\"wp-block-media-text__content\">\n<p><a href=\"http:\/\/api.whatsapp.com\/send?phone=+5492612469245\" data-type=\"URL\" target=\"_blank\" rel=\"noreferrer noopener\">Wapp: +5492612469245<\/a><\/p>\n\n\n\n<p style=\"font-size:15px\"><\/p>\n<\/div><\/div>\n\n\n\n<figure class=\"wp-block-gallery columns-1 is-cropped wp-block-gallery-1 is-layout-flex wp-block-gallery-is-layout-flex\"><ul class=\"blocks-gallery-grid\"><li class=\"blocks-gallery-item\"><figure><img loading=\"lazy\" decoding=\"async\" width=\"1024\" height=\"724\" src=\"https:\/\/ifpdonbosco.edu.ar\/wp-content\/uploads\/2022\/11\/PropagandaGrande-2-1024x724.jpg\" alt=\"\" data-id=\"460\" data-full-url=\"https:\/\/ifpdonbosco.edu.ar\/wp-content\/uploads\/2022\/11\/PropagandaGrande-2-scaled.jpg\" data-link=\"https:\/\/ifpdonbosco.edu.ar\/index.php\/sample-page\/propagandagrande-2\/\" class=\"wp-image-460\" srcset=\"https:\/\/ifpdonbosco.edu.ar\/wp-content\/uploads\/2022\/11\/PropagandaGrande-2-1024x724.jpg 1024w, https:\/\/ifpdonbosco.edu.ar\/wp-content\/uploads\/2022\/11\/PropagandaGrande-2-300x212.jpg 300w, https:\/\/ifpdonbosco.edu.ar\/wp-content\/uploads\/2022\/11\/PropagandaGrande-2-768x543.jpg 768w, https:\/\/ifpdonbosco.edu.ar\/wp-content\/uploads\/2022\/11\/PropagandaGrande-2-1536x1086.jpg 1536w, https:\/\/ifpdonbosco.edu.ar\/wp-content\/uploads\/2022\/11\/PropagandaGrande-2-2048x1448.jpg 2048w, https:\/\/ifpdonbosco.edu.ar\/wp-content\/uploads\/2022\/11\/PropagandaGrande-2-360x255.jpg 360w\" sizes=\"auto, (max-width: 1024px) 100vw, 1024px\" \/><\/figure><\/li><\/ul><\/figure>\n\n\n\n<p><strong><em><a rel=\"noreferrer noopener\" href=\"https:\/\/docs.google.com\/forms\/d\/e\/1FAIpQLSeIcF2DxyVpjeBuXJvtSMQhgOCXDjKweQFbWVuosl_BV3QMBQ\/viewform\" target=\"_blank\">Inscripci\u00f3n<\/a><\/em><\/strong><\/p>\n\n\n\n<p><a href=\"https:\/\/docs.google.com\/forms\/d\/e\/1FAIpQLSeIcF2DxyVpjeBuXJvtSMQhgOCXDjKweQFbWVuosl_BV3QMBQ\/viewform\" data-type=\"URL\" data-id=\"https:\/\/docs.google.com\/forms\/d\/e\/1FAIpQLSeIcF2DxyVpjeBuXJvtSMQhgOCXDjKweQFbWVuosl_BV3QMBQ\/viewform\">Lista de espera<\/a><\/p>\n\n\n\n<p id=\"https:\/\/chat.whatsapp.com\/FzqkY85JdHE90WLowu9mqy\"><a href=\"https:\/\/chat.whatsapp.com\/FzqkY85JdHE90WLowu9mqy\">https:\/\/chat.whatsapp.com\/FzqkY85JdHE90WLowu9mqy<\/a><\/p>\n\n\n\n<p><\/p>\n","protected":false},"excerpt":{"rendered":"<p>El Instituto de Formaci\u00f3n Profesional Don Bosco brinda diversas capacitaciones fomentando la inserci\u00f3n laboral de personas sin empleo estable, con formaci\u00f3n acad\u00e9mica incompleta o b\u00fasqueda del primer empleo. Pone al servicio de la comunidad en general, los conocimientos en el <a href=\"https:\/\/ifpdonbosco.edu.ar\/\" class=\"read-more\">Read More &#8230;<\/a><\/p>\n","protected":false},"author":1,"featured_media":0,"parent":0,"menu_order":0,"comment_status":"closed","ping_status":"open","template":"","meta":{"footnotes":""},"class_list":["post-2","page","type-page","status-publish","hentry"],"_links":{"self":[{"href":"https:\/\/ifpdonbosco.edu.ar\/index.php\/wp-json\/wp\/v2\/pages\/2","targetHints":{"allow":["GET"]}}],"collection":[{"href":"https:\/\/ifpdonbosco.edu.ar\/index.php\/wp-json\/wp\/v2\/pages"}],"about":[{"href":"https:\/\/ifpdonbosco.edu.ar\/index.php\/wp-json\/wp\/v2\/types\/page"}],"author":[{"embeddable":true,"href":"https:\/\/ifpdonbosco.edu.ar\/index.php\/wp-json\/wp\/v2\/users\/1"}],"replies":[{"embeddable":true,"href":"https:\/\/ifpdonbosco.edu.ar\/index.php\/wp-json\/wp\/v2\/comments?post=2"}],"version-history":[{"count":38,"href":"https:\/\/ifpdonbosco.edu.ar\/index.php\/wp-json\/wp\/v2\/pages\/2\/revisions"}],"predecessor-version":[{"id":530,"href":"https:\/\/ifpdonbosco.edu.ar\/index.php\/wp-json\/wp\/v2\/pages\/2\/revisions\/530"}],"wp:attachment":[{"href":"https:\/\/ifpdonbosco.edu.ar\/index.php\/wp-json\/wp\/v2\/media?parent=2"}],"curies":[{"name":"wp","href":"https:\/\/api.w.org\/{rel}","templated":true}]}}